 31
Suppose 50 = 3*r + c, 6*r - 67 = 2*r - c. Suppose r + 7 = 5*n - 2*t, 0 = 5*n - t - 27. What are the prime factors of n?
2, 3
Let u(k) = -k**3 + 12*k**2 - 9*k. Let h be u(11). Let n(y) = 11*y**2 - y. Let i be n(-1). Let s = h - i. List the prime factors of s.
2, 5
Let x be (-5 - -7)*(0 - -2). Suppose -x = 2*s - 10. What are the prime factors of s?
3
Let n = -69 + 98. What are the prime factors of n?
29
Suppose -4 + 54 = 5*a. What are the prime factors of a?
2, 5
Suppose 0 = 2*t + 5*v - 22, -2*t - t - v = -7. Let r = -42 + 46. List the prime factors of t/(2 + (-6)/r).
2
Suppose 0 = -q - 0 - 1. List the prime factors of (-128)/(-24) + q/3.
5
Suppose 12*c - c - 814 = 0. What are the prime factors of c?
2, 37
Suppose 214 = 4*q - 146. What are the prime factors of q?
2, 3, 5
Suppose -4*q = 3*z + 24, 2*q = -4*z - 11 - 21. Let u = 15 + z. List the prime factors of u.
7
Let b(z) = -5*z**3 - 3*z**2 - 2*z + 2. List the prime factors of b(-2).
2, 17
Let m = 8 + 19. What are the prime factors of m?
3
Let d(p) = p + 1. Suppose j - 8 = -f, -3*f + 7*j = 2*j. Let u = 6 - f. What are the prime factors of d(u)?
2
Let p be (-4)/14 - 4040/(-28). Suppose v + 2*v = p. Suppose 0*x - 3*x + v = 0. List the prime factors of x.
2
Suppose -5*x + o + 30 = -o, 45 = 5*x + o. Suppose -9 = 2*l + w, -5*l - w = -3*w + 18. Let a = l + x. What are the prime factors of a?
2
Let p(x) = -x**3 - 12*x**2 + 12*x - 8. Let z be p(-13). Suppose -2*g = -95 + z. What are the prime factors of g?
3, 5
Let r be (-10)/(-6) + 4/(-6). Let h(d) = 13*d**3 + 2*d - 1. List the prime factors of h(r).
2, 7
Let s = 6 + 9. Let k = 14 + -10. Suppose k*l - s - 1 = 0. List the prime factors of l.
2
Let k be 9/3 - -1 - 1. Suppose 11 = o + 3*x, -18 = -k*o - 5*x + 3. Suppose 3*f + 5 = r, 4*f - 18 = -2*r + o*f. What are the prime factors of r?
2
Let c = 11 + -7. Suppose 16 = -2*s + c*i + 6, 2*i = -5*s + 23. Suppose s = 5*f - 27. What are the prime factors of f?
2, 3
Let k = 11 + -2. Suppose -2*h - k + 3 = 0. List the prime factors of h - ((0 - 10) + 2).
5
Let h(z) = 2*z + 7. What are the prime factors of h(13)?
3, 11
Suppose p = 6*p - 55. Suppose 0 = -5*z + 49 + p. List the prime factors of (-32)/(-6) - (-8)/z.
2, 3
Let u = 51 - 42. What are the prime factors of u?
3
Let a = 58 + -11. Suppose 5*o = 3 + a. List the prime factors of o.
2, 5
Let z(y) = 32*y**3 + 8*y**2 - 8*y - 3. Let h(o) = -21*o**3 - 5*o**2 + 5*o + 2. Let m(p) = -8*h(p) - 5*z(p). Let f = -2 - -3. What are the prime factors of m(f)?
7
Suppose -t - q = 0, 5*t - 5*q - 3 = 17. Suppose 5*d - t = 13. List the prime factors of d.
3
Let h(b) = 2*b**3 - 23*b**2 + 23*b - 7. Let x(n) = n**3 - 11*n**2 + 11*n - 3. Let j(u) = 2*h(u) - 5*x(u). List the prime factors of j(7).
2, 3
Let j be (-10)/1*(-1)/2. Suppose -2*n + 17 = -j*t, -2*t = -2*n + 9 - 1. List the prime factors of (1 - 2) + n - -7.
7
Let h = -18 - -39. What are the prime factors of h?
3, 7
Let n = 47 + -26. What are the prime factors of (-2 - n/6)*-4?
2, 11
Suppose -6*g + g + 788 = -w, 2*g = -3*w + 322. What are the prime factors of g?
2, 79
Let y = 37 + 0. List the prime factors of y.
37
Let z(m) = 5*m + 1. List the prime factors of z(10).
3, 17
Let o(f) = -5 - 4*f**2 + 0 + 3*f**2 + 7*f. Let m be o(5). Suppose -m*u + 45 + 10 = 0. List the prime factors of u.
11
Let t be 140/(-12) + 2/(-6). Let z = 22 + t. List the prime factors of z.
2, 5
Let k(m) = 3*m**2 + 3*m - 4. Let p be k(-3). What are the prime factors of p*((-28)/(-8) + -2)?
3, 7
Let l(d) = 2*d**3 - d**2 + 10*d - 14. What are the prime factors of l(4)?
2, 3, 23
Let w(d) = 13*d - 1. List the prime factors of w(16).
3, 23
Let j(i) = i - 2. Let q be j(8). Let t(y) = -y**2 + 8*y - q*y + 10*y - 9. What are the prime factors of t(10)?
11
Suppose -2*x + 2*b + 6 = 0, x - 5*b - 1 = 3*x. Suppose 14 - x = o. What are the prime factors of o?
2, 3
Suppose -c + 2*z = 2*c - 3, -3*c + 3 = -5*z. Let f(w) = w**3 + 3*w**2 - 2. Let h be f(-2). Suppose -h*x + 15 - c = 0. List the prime factors of x.
7
Let c(y) = y**2 + 7*y + 4. Let s be c(-7). Suppose 4*j - 5*i = -s*i + 59, 0 = j - 3*i - 12. List the prime factors of j.
3, 5
Let h(s) = s**2 + 6*s + 10. Let i(o) = o + 3. Let n be i(-3). Let p be n + 1 + (0 - 8). List the prime factors of h(p).
17
Let i(c) = 3*c + 14. What are the prime factors of i(13)?
53
Suppose 5*r - 40 = 5*n, 5*n = -12 + 2. List the prime factors of r.
2, 3
Let d(j) be the second derivative of -j**3/6 + 11*j**2 + 2*j. List the prime factors of d(9).
13
Let d = -7 - -7. Suppose 3*f - 36 + d = 0. What are the prime factors of f?
2, 3
Let c = -1 + -35. Let d = 94 + c. List the prime factors of d.
2, 29
Suppose 0 = 11*x - 46 - 53. List the prime factors of x.
3
Let j(m) = -m**3 - 5*m**2 + 6*m + 2. List the prime factors of j(-8).
2, 73
Let n(o) = 3*o**2 + 5*o + 5. Let f be (-8)/3*(-6)/(-4). What are the prime factors of n(f)?
3, 11
Let o = -39 - -18. List the prime factors of (-44)/(-7) - (-6)/o.
2, 3
Let u(j) = 1. Let g(d) = d + 7. Let t(k) = -g(k) + u(k). Let o(l) = -3*l - 3. Let a be o(2). List the prime factors of t(a).
3
Let b = -12 + 49. What are the prime factors of b?
37
Let k = 2 - 1. Let l be 1/3*(-75)/5. Let n = k - l. What are the prime factors of n?
2, 3
Suppose -6*l - 148 = -7*l. List the prime factors of l.
2, 37
Suppose -3*b - 3 = -2*b. Let k be (1 + b + -4)/(-2). Suppose -k*x + 3 = 0, -j + 0*x = 4*x - 24. List the prime factors of j.
2, 5
Suppose -x + 25 = -2*f + 2*x, 5*f + 5*x = 0. Let w = f - -10. Let y = w + -3. What are the prime factors of y?
2
Suppose -28 = -7*f + 3*f. Let o = 14 - f. What are the prime factors of o?
7
Let q(g) = 2*g + 10. Let f be q(4). Suppose f = d - 15. What are the prime factors of d?
3, 11
Let y = 12 + 5. Let t = -52 + 79. Let w = t - y. What are the prime factors of w?
2, 5
Let u(n) = 33*n**2 - n + 1. Let a be u(2). Suppose -4*d = v - 43, d + a = 5*v - 0*d. What are the prime factors of v?
3
Suppose 0 = 5*x + 109 - 14. What are the prime factors of (x + -2)/((-6)/4)?
2, 7
Suppose 3*t + 5*d + 5 + 5 = 0, 8 = -4*d. Suppose 19*k - 21*k + 66 = t. What are the prime factors of k?
3, 11
Let a(x) = 4*x**2 + 9*x + 3. Let j = -3 + -1. List the prime factors of a(j).
31
Let w = 2 + 3. Let y(s) = -s**3 + 13*s**2 - 11*s - 12. Let n be y(12). Suppose n*r - w*r = -60. List the prime factors of r.
2, 3
List the prime factors of (78/(-2))/((-5)/45).
3, 13
Let z be (-152 + 1)/1 + -3. Let c = -271 - z. What are the prime factors of c/(-7) + (-4)/(-14)?
17
Let f = -34 + 64. List the prime factors of f.
2, 3, 5
Suppose -2*m + 8 = 5*j, -m - 4*m = -4*j + 13. Let g be 4/(-10) + (-6)/(-15). Suppose n + j*n - 63 = g. What are the prime factors of n?
3, 7
Suppose 5*j = 3*f + 122, -75 = -4*j - f + 9. Let x = -16 + j. What are the prime factors of (x/4)/(1/2)?
3
Let g = 81 - 52. List the prime factors of g.
29
Let j(g) = g**2 - 8*g - 1. Let x be j(9). Let t(m) = 4 + 13*m - 13 - 11*m. What are the prime factors of t(x)?
7
Let w(b) = b**3 - 4*b**2 + b. Let l be w(4). Suppose -l*k + 3*d + 36 = 0, -4*d = 5*k - 33 - 12. What are the prime factors of k?
3
What are the prime factors of (-2)/(2/(-21)) + 1?
2, 11
What are the prime factors of (-6)/27 - (-3)/(-27)*-407?
3, 5
Let v = 3 - 3. What are the prime factors of (-12)/(-4) + v + 39?
2, 3, 7
Let l = -234 - -409. What are the prime factors of l?
5, 7
Suppose q = 2*v + v - 60, 2*q = -4*v + 90. Suppose -2*w - 8 = -0*w. Let t = w + v. What are the prime factors of t?
17
Let j(s) = -s**2 + 9*s + 13. Let p(v) = -6*v - 3. Let u be p(-2). List the prime factors of j(u).
13
Suppose -2*b - i = 2*i - 42, 2*b + 4*i = 42. Suppose -b = -2*l + l. What are the prime factors of l?
3, 7
Let z be ((-264)/(-15))/(1/5). Suppose 17 + 23 = 5*c - 5*y, -30 = -3*c + 5*y. Suppose t = c*t - z. What are the prime factors of t?
2, 11
List the prime factors of (-18)/15*(-7 - -2).
2, 3
Suppose 0 = 3*y + y - 740. Suppose 0 = -k - 4*k + y. Suppose -4*a = 5*f - 28, -5*f + k = -a + 2*a. List the prime factors of f.
2
Let f be -2 + 63*1 + 0. Suppose -19 = -2*y + f. Let m = y + -26. What are the prime factors of m?
2, 7
Let y(v) = -v**2 - 28*v - 50. What are the prime factors of y(-21)?
97
Let b(z) = 0 + 6*z**2 + 1 + 6*z - 5*z**2 - 10. Let w be b(-8). Let l = w - 4. List the prime factors of l.
3
Suppose 4 = 4*